 the prime factors of q.
3, 241
Let l(f) = -f**2 + 4. Let v be l(0). Let d be (-55)/(-4) + 1/v. List the prime factors of d/63 - (-140)/18.
2
Let a be 3*2/(-7)*-49. Suppose 4*d - 2*t + a = 0, -3*d - 4*t = -d - 4. What are the prime factors of 424/2*(-2)/d?
53
List the prime factors of -10 + (9 - -4) + 658.
661
Suppose 0 = 2*z + z - 3*u - 90, 0 = -3*z - 2*u + 115. What are the prime factors of (-921)/(-15) + (-14)/z?
61
Suppose 4*y - 12 = -4*j, 15 = y + 4*y - 4*j. Suppose y*q = -q. Suppose q = 3*b + 3, z + z + 5*b - 3 = 0. What are the prime factors of z?
2
Let g be 28/(4*-1)*1. Let m(i) = -i - 7. Let k be m(g). Suppose 0 = -2*r + r - 3*p + 14, -2*r + p + 49 = k. What are the prime factors of r?
23
Suppose 77 = 4*z + 37. Suppose -41*w + 42*w - z = 0. What are the prime factors of w?
2, 5
Let i(v) = 52*v**2. Let p be i(1). Suppose 2*s + 4*t - p = -0*s, -5*t + 73 = 3*s. Suppose -s*b = -12*b - 24. What are the prime factors of b?
2, 3
Let s(u) be the first derivative of -6*u**2 + 28*u + 25. List the prime factors of s(-15).
2, 13
Let a = -1390 + 2548. What are the prime factors of a?
2, 3, 193
Let d = 1140 + -321. Suppose -126 = 5*l + d. What are the prime factors of l/(-17) - (-2)/(-17)?
11
What are the prime factors of (-1662)/(-2) - (-152)/19?
839
Let v(x) = -87*x - 5. List the prime factors of v(-6).
11, 47
Let w be 148/6 - (3 - (-30)/(-9)). Let o = w + 24. List the prime factors of o.
7
List the prime factors of 22/(-4)*(13 + -118 - -7).
7, 11
Suppose 0 = -5*z + 5*d + 240, -304 = -5*z - 5*d - 104. List the prime factors of z.
2, 11
Let w(g) = 271*g**2 - 3*g + 2. Let h be w(1). Let z = h - 135. List the prime factors of z.
3, 5
Suppose 12*i - 16954 = 7*i - 2*z, -4*i = -4*z - 13580. What are the prime factors of i?
2, 53
Suppose 0 = 2*d - 0 - 8, 379 = m - 5*d. Let j = -80 + m. What are the prime factors of j?
11, 29
Suppose 4*u = 2*w - 1890, 3*u - 960 = -w + 2*u. Suppose -3*d + 4*r + 587 = 0, 0 = 9*d - 4*d - 2*r - w. What are the prime factors of d?
3, 7
Let f be 2/8*2*-8. Let n = f - -4. Suppose 0 = 4*s - 24 - n. List the prime factors of s.
2, 3
Suppose -10*u - 19000 = -18*u. List the prime factors of u.
5, 19
Let c(v) = -177*v - 1. Let t be c(1). What are the prime factors of (t/3)/((-22)/6 + 3)?
89
Suppose -2*k = -4*z - 90, -3*k + 123 = -6*z + 3*z. Let u = 8 + k. What are the prime factors of u?
3, 5
Let q be 0 + (-201)/(1 + 2). Let y be (2 + 11)/(0 - 1). Let j = y - q. List the prime factors of j.
2, 3
Suppose 5*w - 4*w = -5*g - 1954, 4*g + 1567 = 3*w. Let j = 732 + g. List the prime factors of j.
11, 31
Suppose h + 2 - 3 = 2*u, 4*h + 2*u = 4. List the prime factors of h/(-2) - 69/(-6).
11
Let t be 9/6 - (-555)/6. Let x = -137 + t. Let g = -11 - x. List the prime factors of g.
2
What are the prime factors of -50*(530/(-25) + 7)?
2, 5, 71
Let c(j) = -j**2 + 3*j - 5. Let n(x) = -4*x + 6. Let a(d) = -5*c(d) - 6*n(d). What are the prime factors of a(5)?
3, 53
Suppose 4*q = -q - 30. Let f(g) = -3*g - 15. Let m be f(q). Suppose -k - 111 = -4*i - 4*k, m*k = 15. What are the prime factors of i?
2, 3
Suppose 3 = 2*s - 5. Suppose -76 = -s*t - 4. What are the prime factors of 276/t + 1/(-3)?
3, 5
Suppose -518 = -q - 0*b + 2*b, -3*b + 543 = q. List the prime factors of q.
2, 3, 11
Let v = 0 + -10. Let g = v + -2. Let i = 30 + g. List the prime factors of i.
2, 3
Let z(r) = -r + 5*r**2 - 6*r**2 - 4*r - 8. Let g be z(-5). Let a(b) = -b**2 - 9*b + 10. What are the prime factors of a(g)?
2, 3
Let c = -1 - -8. Let y = c - -2. What are the prime factors of y?
3
Suppose 9*c - 17 = 4321. List the prime factors of c.
2, 241
Suppose -20 = 5*p, 3*t + 0*p = -5*p + 3649. What are the prime factors of t?
1223
Suppose -4*s + 89*f + 1168 = 88*f, 2*f = 3*s - 871. List the prime factors of s.
293
Let z(d) = d**2 - 10*d - 16. Let i(g) = -18*g. Let b be i(-1). Suppose 0 = 3*t - b - 18. List the prime factors of z(t).
2
Suppose 0 = -29*r + 22*r + 2716. What are the prime factors of r?
2, 97
Suppose -x + 3*x = 710. List the prime factors of x.
5, 71
Let t = -1558 + 2307. List the prime factors of t.
7, 107
List the prime factors of ((-434)/35)/((-1)/10).
2, 31
Let j = -116 + 178. Suppose -n + 18 = -3*t, 0*t = -3*n + 5*t + j. Suppose 0 = -0*o - 3*o + n. List the prime factors of o.
2
Suppose 2*m - 620 = -2*o, -330 = -m - 0*m + 3*o. Suppose x = -0*x + m. Suppose 2*i + x = 7*i. List the prime factors of i.
3, 7
Let s(f) = f**3 - 6*f**2 - 9*f + 3. Let i be s(7). Let q(k) = k**2 - 8*k - 8. Let n be q(8). Let d = n - i. What are the prime factors of d?
3
Suppose 0 = -2*x + 5*m + 1636, -4*m = -2*m. What are the prime factors of x?
2, 409
Let m(s) = -5*s - 2. Let h be m(-2). Let g be h/(-6) + 195/(-9). Let a = g + 44. List the prime factors of a.
3, 7
Suppose -360 = 5*t + m, -m + 4*m = 2*t + 144. Let j = t + 160. What are the prime factors of j?
2, 11
Let k(s) = 4*s + 19*s**3 + 7*s**3 - 1 + 2*s**3 - 2*s - s**2. List the prime factors of k(1).
2, 7
Suppose -28*r + 29*r = 475. List the prime factors of r.
5, 19
Suppose -3*i = -t - i + 51, 0 = -2*t + 3*i + 101. List the prime factors of t.
7
Let i(w) = -2*w + 14. Let g be i(7). Suppose g = 6*d - 8*d + 296. What are the prime factors of d?
2, 37
Let c(i) = i**3 + 5*i**2 + 5*i + 13. Let k be c(-5). List the prime factors of (k/(-4))/(9/237).
79
Let b = 11 - 4. Let s(k) = k**2 + 5*k - 32. List the prime factors of s(b).
2, 13
Let o = -51 + 54. Suppose 3*n - 378 = -q + 3*q, 378 = 3*n + o*q. List the prime factors of n.
2, 3, 7
Let p(u) = -3*u**3 + 5*u**2 - 7*u. Let f be p(2). What are the prime factors of 4/f - (-44950)/261?
2, 43
Let g(c) be the second derivative of c**4/12 + 3*c**3/2 - 6*c**2 - 3*c. Let o be g(-10). Let l(t) = -t**3 - t**2 - t - 2. List the prime factors of l(o).
2
Let t(m) = 3*m + 8. Suppose -3*h + 32 = -1. Let g(y) = 15*y + 39. Let z(r) = h*t(r) - 2*g(r). What are the prime factors of z(4)?
2, 11
Let p(f) = 10*f**2 - f - 7. Let o be 7 + -4 + (0 - -1). What are the prime factors of p(o)?
149
Let s = -5 - -7. Suppose s*w = -0*w - 12. What are the prime factors of (-38)/(-3) + w/(-18)?
13
Let n be (-16)/(-120) - 43/(-15). List the prime factors of -16*(-1)/n*(-972)/(-48).
2, 3
Suppose -447 = -2*t - o, o = 9*t - 13*t + 893. List the prime factors of t.
223
Let q(u) = -3*u**2 - 6*u - 3. Let a(j) = 7*j**2 + 13*j + 6. Let o(z) = -2*a(z) - 5*q(z). Let n be o(-4). Suppose n*f - 20 = 19. What are the prime factors of f?
13
Let t be 5/((-330)/(-7008)) + 2/(-11). Suppose 3*z = t + 41. What are the prime factors of z?
7
Let a = 17 - 11. Let i(r) = 6*r + 3 + 1 + a*r - 5*r. What are the prime factors of i(3)?
5
Suppose -43*f + 20*f = -3864. What are the prime factors of f?
2, 3, 7
Let h(d) = -7*d + 42. Let o be h(-22). Suppose s - 2*p = o, 3*s = 3*p + 2*p + 589. List the prime factors of s.
2, 3, 11
Suppose -5*r = 16 - 21. Let b(m) = 32*m**2 - m + 1. Let c be b(r). Suppose c = 3*k - 58. List the prime factors of k.
2, 3, 5
Suppose -18*x = -37*x + 15105. What are the prime factors of x?
3, 5, 53
Let r(c) = 177*c**2 + 14*c + 15. What are the prime factors of r(-1)?
2, 89
Let h be (-3402)/(-14) - (1 + 2). Let b = h + -154. What are the prime factors of b?
2, 43
Suppose -41 + 26 = -3*s. Suppose s*o + 3*k - 519 = 454, 4*k - 974 = -5*o. List the prime factors of o.
2, 97
Suppose 3*y - y + 8 = 0. Let k = 8 - y. What are the prime factors of k?
2, 3
Let u = 2226 - 446. List the prime factors of u.
2, 5, 89
Suppose 5 = -4*g - 15. List the prime factors of (-1)/g + (-13317)/(-115).
2, 29
Let z(y) = 2*y**3 - 9*y**2 + 3*y + 8. Let o be z(4). List the prime factors of o/(-14) + 1106/98.
11
Suppose 6 - 101 = -5*d. Let w(h) = h**2 - 8*h. What are the prime factors of w(d)?
11, 19
Suppose -3*b + 657 - 162 = 0. Suppose -185 - b = -5*a. List the prime factors of a.
2, 5, 7
Suppose 5*h - 6984 = -19*h. List the prime factors of h.
3, 97
Let g(h) = -h**3 + 10*h**2 - 9*h + 5. Let f be g(9). Suppose 3*m = 0, f*i - 48 = 4*i - m. What are the prime factors of i?
2, 3
Let g(k) = -94*k + 10. Let n be g(-3). Suppose 0 = -3*u - 13 + n. List the prime factors of u.
3, 31
Let a(r) = 35*r + 1. Let z be a(18). Suppose z = 3*w + 109. List the prime factors of w.
2, 3, 29
Let d(u) = 6*u + 4. Let z be d(-2). Let h = 11 + z. What are the prime factors of (-119)/(